 -275*o = -270*o - l. Is o a prime number?
False
Let f(u) = -29*u + 2. Suppose 2*x = -6*x + 344. Let t = x + -46. Is f(t) composite?
False
Is (0 - 2445028/3)*(-300)/400 composite?
False
Let r be 0*(-5)/(-15) - -21. Suppose 0 = r*k + 4389 - 45318. Is k a prime number?
True
Suppose 0 = 20*i - 19*i - 19980. Suppose -d + 2 = 4. Is i/25 - d/(-10) a composite number?
True
Suppose 14*k = -62*k - 7*k + 11186823. Is k a composite number?
True
Let k(f) = 127*f - 37. Let o(s) = -s**2 - 4*s - 40. Let h be o(0). Let m be 24/16*h/(-3). Is k(m) a composite number?
False
Let l(r) = 135*r + 116. Suppose 0 = 2*k + 2, -4*k - 20 = -3*j + 83. Is l(j) a prime number?
False
Let p(f) = -2143*f**2 + 8*f + 11. Let a be p(-2). Let y be 170/(-15)*a/6. Suppose 5*g = -12*g + y. Is g a composite number?
False
Suppose 13 = 3*z + 16. Let i be ((-11)/22)/((-5065)/5064 - z). Suppose 0 = -6*d + 2*d + i. Is d a composite number?
True
Let l(a) = 13823*a**2 - 120*a - 286. Is l(-3) composite?
True
Let a = -94 + 18. Let q = -130 - a. Is (-4146)/q - (-2)/9 composite?
True
Suppose -8*t - 1187937 = -65*t. Is t a prime number?
False
Suppose 0 = -23*y + 586248 + 94276. Suppose -y - 24442 = -30*s. Is s composite?
False
Suppose 12*q - 2516376 = 14*q - 26*q. Is q prime?
True
Let r = 160 - 269. Let s = 110 + r. Is (2 + -5 + 13526)*s composite?
False
Suppose 2*f - 19 = -6*r + 11*r, -3*r - 3*f = 3. Suppose 3*a = 2*j + 8*a + 334, -5*a - 10 = 0. Let y = r - j. Is y a prime number?
False
Let u = 1713460 - 1160589. Is u a composite number?
True
Let i = 85270 + -46356. Suppose i = -2137*z + 2139*z. Is z a composite number?
False
Let h(l) = -72 - 42*l + 37 - 54 - 4 - 3*l**3 + 88*l**2. Let p(s) = 2*s**3 - 59*s**2 + 28*s + 62. Let g(w) = 5*h(w) + 7*p(w). Is g(23) composite?
True
Let c(d) = 42094*d**2 + 27*d - 26. Is c(1) composite?
True
Suppose -2*a - 5*a + 1789557 + 6757604 = 0. Is a prime?
False
Let m = -390 + -2209. Let c = m + 4778. Is c a composite number?
False
Let i = -315 - -332. Is (9783/6)/((68/8)/i) a prime number?
False
Suppose -k + 7152 = -13*k. Is 4 + 1/(-2)*k a composite number?
True
Is (161/(-69))/((-2)/100866) prime?
False
Let w = 223248 + 275461. Is w composite?
True
Suppose 175*r = 164*r + 3287669. Is r prime?
False
Suppose -3*n + 3*h = -4*n + 3328, 4*h - 9994 = -3*n. Suppose 4*f = 2*r - n, -7*f - 4991 = -3*r - 3*f. Is r a prime number?
True
Suppose 0 = 4*y - 3*y - 2. Let k(c) = c**3 - 14*c**2 + c - 9. Let x be k(14). Suppose -410 = -x*o - y*m, -2*o + 12 = -3*m - 152. Is o a prime number?
False
Let q = 34 + -31. Suppose -3*i + 2*r + 920 = 0, -r = q + 1. Suppose 3*d - 77 - i = 0. Is d a prime number?
True
Suppose 0 = -1228*a + 1208*a + 2145620. Is a a prime number?
False
Let c(u) = u**3 + 10*u**2 + 8*u - 5. Let v be c(-9). Suppose v*k = 9*k - 15. Suppose -4*a + 237 = -k*a. Is a prime?
False
Suppose -40 = -12*i + 4*i. Let b(m) = 16*m**3 + 6*m**2 + m - 18. Is b(i) composite?
False
Suppose k - 3*k = -30032. Let b = k - 8775. Is b a composite number?
True
Suppose 39 = -4*b + 47. Let v(x) = -x. Let l(k) = 286*k - 17. Let p(s) = b*v(s) - l(s). Is p(-21) a prime number?
False
Let m(u) = -3*u + 6. Let d be m(8). Let h = d + 21. Is (3 - h - -1026) + (-3)/(-3) prime?
False
Suppose -57*k - 7*k + 64 = 0. Let s(g) be the first derivative of 360*g**4 - g**3/3 - 3*g**2/2 + 3*g - 1. Is s(k) prime?
True
Let q(y) = 4*y**2 + 79*y - 7. Let f be q(-24). Is f + 4*(-9)/6 a prime number?
False
Is 37/148*24/(-2) + 83108/2 a composite number?
True
Is ((-70)/15 - -4) + (-20)/(-3) + 120805 prime?
True
Is -14*80/(-224) - (1 + -3259) prime?
False
Let y = 68 - 71. Let w be 76*(-3 + -1 - (y - 0)). Is w*(-34)/8*1 a composite number?
True
Suppose 5*d - 49*n - 522887 = -45*n, 0 = -7*d + n + 732051. Is d a composite number?
False
Suppose -13 + 3 = -2*v. Let y be 2/1 + 0 + v. Let b(q) = 453*q - 16. Is b(y) prime?
False
Let l(c) = 68*c**2 + 566*c - 6827. Is l(12) composite?
True
Let s be 7 + -16 + 20 + -17. Let h(i) = -5 - 2*i**2 + 5*i - i**3 + 7*i + 0*i**3. Is h(s) prime?
True
Suppose -q + 3*q + 16 = 0. Let o(x) = -x**2 + 3*x + 1. Let c(z) = 20*z**2 + z - 2. Let i(s) = c(s) + 3*o(s). Is i(q) prime?
True
Suppose -2*c + u - 2 = 2*c, 10 = c + 5*u. Suppose c = -0*s - 5*s + 25. Suppose 0 = -4*x - 8, s*o = 7*x - 2*x + 2245. Is o composite?
True
Let h(y) = 3*y - 6. Let o be h(2). Suppose o = -0*u - 5*u + 20, 0 = 3*v - 3*u. Let r(z) = 78*z**2 + 2*z + 3. Is r(v) a prime number?
True
Let c(j) = j**3 + 22*j**2 - 19*j + 89. Let d be c(-23). Let p(x) = -1932*x + 185. Is p(d) prime?
True
Let r(f) = f**2 - 14*f + 3. Let p be r(14). Suppose -i + p*k = -5327, -4*i + 9*i - 26675 = -5*k. Is i a composite number?
False
Let b = 200136 + -95309. Is b prime?
True
Suppose 64*y - 9*y = 3*y + 28891252. Is y composite?
True
Let z(o) be the first derivative of o**2 - 41*o - 3. Let g be z(16). Is (4 + g + 6)*1195 composite?
True
Is (-2 - -8)*(-8918884)/(-312) a prime number?
True
Let o(r) = 69*r + 83479. Is o(0) prime?
False
Suppose -21949836 = -77*p + 10382840 + 8060831. Is p composite?
False
Let k(u) = 46*u - 83. Let j be (1 + 0)*(-1 - -26). Is k(j) prime?
False
Let p(b) = 2*b**3 - 14*b**2 - 10*b + 2. Let r be p(8). Is (-4)/r - 11600172/(-900) composite?
False
Let g(x) = 372*x + 31. Let m be (-1 - (-2 + 4)) + 10. Let s be g(m). Let r = 4574 - s. Is r a composite number?
True
Suppose -5*s - 18 + 113 = 0. Let f = s - 19. Let r(o) = -2*o**3 + o**2 - o + 1259. Is r(f) prime?
True
Suppose 4*b - 4*r - 52000 = 0, -r - 3*r + 26018 = 2*b. Let h = b + -5462. Is h a composite number?
False
Suppose -2 = 3*q + 2*y, -3*y - 5 = 2*q + 2*y. Suppose -3*b + 71 = -28. Suppose q = b*v - 37*v + 3772. Is v prime?
False
Suppose 3 = 3*a - f - f, -3*a + 24 = 5*f. Suppose -a*u - 6*v = -v - 14603, -3*u + v = -14579. Is u composite?
False
Suppose -3*r + 582605 = 2*q, 4*r - 2*r = -4*q + 388422. Is r a prime number?
True
Let o(l) = -360553*l**3 + 7*l**2 + 14*l + 13. Is o(-1) a prime number?
False
Suppose 0 = -2*f - 2*a + 6501964, 97*a - 99*a - 13003910 = -4*f. Is f a composite number?
False
Let q = 22548 - -30531. Let w = q + -36344. Is w prime?
False
Let g(l) = 11*l**3 + 6*l**2 + 73*l - 19. Let b be g(-10). Let o = b + 24276. Is o a composite number?
False
Let m be ((144/20)/(-3))/((-7)/(-35)). Let r(o) = -7*o**3 + 9*o**2 + 31*o + 23. Is r(m) prime?
True
Is ((-8)/120*-6)/(-5*(-2)/2000975) a composite number?
False
Let t(d) = -1258*d - 16. Let o be t(-5). Suppose -1592 = r - o. Suppose 5*q + 1181 = h - 0*q, 4*h + q - r = 0. Is h a composite number?
False
Suppose q + 8*q + 135 = 0. Let g(x) = 4*x**2 - 4*x + 43. Is g(q) composite?
True
Suppose 4146 = 5*w + 4*k, -17*w = -12*w + 2*k - 4148. Suppose 31*x - w = 29*x. Is x a prime number?
False
Let a(y) be the second derivative of -y**5/60 + 491*y**4/24 - 11*y**3/3 - 21*y. Let f(t) be the second derivative of a(t). Is f(0) prime?
True
Let w = -11538 - -102269. Is w a composite number?
False
Suppose -3*o - 127292 = -c, -2*c + 78840 = o - 175737. Is c prime?
True
Suppose -432*b = -132932168 + 45647000. Is b a composite number?
False
Let x(w) = 953*w**2 + 4980*w + 9. Is x(-10) prime?
False
Let j be 12/36*3396/2. Let h(r) = 4*r - 6 + 5 + 4 + j*r**2. Is h(-1) prime?
False
Suppose p + 59175 = -5*c, -2*c + 4*p - 26422 = -2730. Suppose 0 = 16*o - 828 + 956. Is (-12)/o + c/(-8) a composite number?
False
Let p(v) = 210*v**2 + 285*v - 1663. Is p(6) prime?
True
Let g be (-1*(-5 - 25/(-5)))/1. Suppose g = -5*d - 5*d + 24980. Is d a prime number?
False
Let z = 228393 + 133610. Is z prime?
True
Let o = 38 - 44. Let a be -1 + 3 + o + 96. Is ((-21)/(-56))/((-1)/(-2))*a composite?
True
Suppose 2*h - 13 - 8 = -3*a, 0 = 4*a - 5*h - 5. Suppose -522 = -2*w + 5*z, -2*w = -7*w - z + 1305. Suppose 10 + 0 = a*v, 3*v - w = -5*x. Is x composite?
True
Let d(t) = t**3 - 14*t**2 - 16*t + 7. Let x(y) = y**3 - 15*y**2 - 17*y + 8. Let a(u) = -3*d(u) + 4*x(u). Let n be a(21). Let h = n + -505. Is h prime?
True
Let p = -24595 - -45452. Is p composite?
False
Let u(s) = -s**3 + 12*s**2 + 2*s - 16. Let m be u(12). Let j(y) = 7*y - 11 - 2*y**2 + 6*y**2 + 3*y**2. Is j(m) a prime number?
False
Is 128047*-20*18/(-360) a composite number?
False
Suppose 8196 = -3*y - 0*y. Let j be (y/16)/(4/(-16)). Suppose j = 7*c - 6*c. Is c a composite number?
False
Suppose 67*a - 1420909